5. Let f(u) = u**3 + u**2 - u + 95. Is f(k) a composite number?
True
Let v be 497 + (1 - -2) + -4. Is ((-2)/(-8))/(4/v) prime?
True
Is 3/2*(-298)/(-3) a composite number?
False
Let c(d) = 2*d + 20. Let b be c(-16). Is 4*((-57)/b + 0) a prime number?
True
Suppose 11*i = -0*i + 4345. Is i a prime number?
False
Let u = -21 - -36. Suppose c - 5 = -2*g, -3*c + u = 5*g + 2*c. Is 2 + (75 - (0 - g)) composite?
False
Suppose -z - 4 = 5*s, 5*z + 12 = 3*s - 8. Suppose 3*l - 477 = -3*v, l - 4*v - 120 - 49 = s. Is l prime?
False
Let j(s) = -67*s + 46. Is j(-4) composite?
True
Suppose -576 = -2*u - 206. Is u composite?
True
Let h = -1 - -4. Let x = h - 2. Is ((-21)/(-14))/(x/94) a composite number?
True
Let f(v) = -3 + 8 - 22*v - 39*v. Is f(-6) a composite number?
True
Suppose -294 = -2*l - 5*r, -l + 115 = 4*r - 26. Is l a composite number?
False
Let k be (-4)/(-3) - (-2)/(-6). Let c(z) = 17*z - k + 1 - 3. Is c(4) a prime number?
False
Suppose 4*p + 7*d = 2*d - 52, -p - 30 = -3*d. Is (-382)/p - (-6)/(-27) composite?
True
Let z(x) = 0*x - 135*x**3 + 3*x**2 - 2*x**2 + x. Let n be z(-1). Suppose 5*o - 2*g - n = 138, -4*o + 224 = -3*g. Is o composite?
False
Suppose 0 = 8*j - 7*j - 9. Suppose 0 = 3*s - j, 2*k - 1679 = -2*k - s. Is k prime?
True
Let p = -18 + 3. Let y be 12/(-10)*p/2. Let j(x) = -x**3 + 9*x**2 + 3*x - 5. Is j(y) a composite number?
True
Suppose 0 = 4*i - 75 + 27. Suppose -i = -5*t + 8. Suppose -t = 3*k + 8, -44 = -2*f + 4*k. Is f a composite number?
True
Let d be (-14)/(-14) - (-4 - 0). Let v(t) = 107*t + 2. Is v(d) a prime number?
False
Let s(t) = 3*t**2 + 11*t + 39. Is s(-7) prime?
True
Let g = -1 - -3. Suppose 0 = u + 4*u + 4*k + 13, 5*u + 1 = g*k. Is (1 + (-3 - u))*-53 prime?
True
Suppose -1328 = -4*l - 0*w + 2*w, -2*l + 5*w = -672. Is l a composite number?
False
Suppose 4*w + 2*c - 13 + 5 = 0, -4 = -2*c. Let l(s) = 34*s**2 + 3*s**2 + 4 + 0 + s - 5. Is l(w) a prime number?
True
Suppose -q + 2*c = 5*c + 6, 0 = -q + 2*c + 14. Is q prime?
False
Suppose 3*r - 7*r - 5*m = -1804, -5*r = -3*m - 2218. Is r a composite number?
True
Let q be 1/(-3) + 425/(-3). Is (-12)/(-6) - (-1 + q) a composite number?
True
Let w be -2*(345/(-6))/5. Let b = 38 - w. Is b a composite number?
True
Suppose -u - 1 = 1. Is (-3 - 65/u)*2 prime?
True
Suppose -3*k + w - 1093 = 0, 5*k - 2*w + 1094 = 2*k. Let b = -258 - k. Is b prime?
False
Suppose -4 + 8 = 2*x. Suppose 3*z - x*z = -9. Is 2/z - 598/(-18) a prime number?
False
Suppose 3*i = 2*i + 501. Is i composite?
True
Let z be (-14)/(-6) - 6/(-9). Suppose z*i - 3 = 6. Suppose i*w - 162 = 3*s, w + 1 - 60 = 2*s. Is w prime?
False
Suppose 3*c - 65 = -z, -c + 5*z = -3*c + 26. Suppose -v + 0 + 19 = -3*g, -v - 3*g = -1. Let k = v + c. Is k prime?
False
Suppose -10*a + 16 = -9*a. Suppose -5*c = 3*m - a, c = 2*c + 3*m + 4. Suppose -2*q + 0*d + 126 = 4*d, -q + c*d + 70 = 0. Is q a prime number?
False
Suppose -c + 144 = c. Suppose -2*f = f - c. Suppose 5*p + 4*v - 3*v = 40, 0 = 2*p + 2*v - f. Is p composite?
False
Let c(w) = 9*w + 16. Let b be c(9). Let l = b - -69. Is l a prime number?
False
Let f(q) be the third derivative of q**7/1260 - q**6/80 + q**5/60 - q**4/24 - 4*q**2. Let w(m) be the second derivative of f(m). Is w(-7) composite?
False
Suppose -6*d + 1688 = -1006. Is d prime?
True
Let g(r) = r**3 - 8*r**2 + 8*r - 4. Let z be g(7). Suppose z*t - 9378 = -2*m + 3*m, 6 = 2*t. Is m/(-63) + (-4)/(-14) composite?
False
Is (-6)/10 - 568/(-5) a composite number?
False
Let i(o) = -2*o**2 - o. Let q be i(1). Is 455/21 - (-2)/q a composite number?
True
Suppose 4*g - 5*p = 3*g + 4410, -4*g + 17560 = -4*p. Is g composite?
True
Suppose -o = 3*l - 15, 4*o = l - 4 - 1. Suppose l*b - 243 - 872 = 0. Is b composite?
False
Suppose -y = -4*d - 1494, -3*d + 2*d = -3*y + 4427. Suppose -5*i + y + 621 = 0. Is i prime?
True
Suppose -15*g + 3 = -14*g. Suppose 930 = 4*w + g*i + 175, -4*w = 4*i - 752. Is w a composite number?
False
Let t be (2/4*0)/(-1). Suppose t*x = -x + 2. Is -1 + x - (-1 - 51) a composite number?
False
Suppose -12 = v - 3*v. Suppose 3*c + 475 = m + v*c, -2*c + 1940 = 4*m. Is m prime?
True
Suppose 4*o = -u + 52, 5*u + 26 = 5*o - 39. Suppose 4*n - 3 = o. Suppose -212 = -n*q + 152. Is q a prime number?
False
Suppose -4*s - s - 5*j = -20, 3*s - 8 = -4*j. Let m = -3 + s. Suppose m*b - 735 = 80. Is b a prime number?
True
Let d(w) = 6*w - 5. Let l(i) = 3*i - 3. Let t(m) = -4*d(m) + 7*l(m). Let y be t(-1). Suppose -5*n - f = 2*f - 271, y*f - 57 = -n. Is n a composite number?
False
Let r(x) = 107*x - 1. Is r(16) prime?
False
Suppose -2*v = i - 3*v, 0 = -i + 4*v - 6. Is i/(-5) - 674/(-10) a composite number?
False
Suppose 8*c - 11*c = -1317. Is c prime?
True
Suppose 2*g = 4*g + 2*w - 660, 0 = w + 2. Suppose 0 = 3*t + t - g. Is t composite?
False
Let x(n) = 2*n**2 - 7*n + 3. Let a be x(6). Suppose d - a = -0*d. Is d a composite number?
True
Let u = 1028 - 583. Is u composite?
True
Suppose -4*d + 2848 = 4*v, -3540 = -5*v - 0*v - d. Is v a prime number?
False
Suppose 22955 = -2*v + 7*v. Is v composite?
False
Let s = -1329 - -2150. Is s composite?
False
Let v be 132/13 - (-10)/(-65). Suppose -5*g + 3*g + 119 = 5*z, 5*g = v. Is z prime?
True
Let v(w) = 12*w + 5981. Is v(0) a composite number?
False
Suppose -4*k + 454 = -166. Let h be k/(-1*(-3)/12). Suppose 225 = 5*m - h. Is m a composite number?
True
Suppose -2*h = -5*p - 6*h + 300, 0 = -3*p - h + 187. Let w be (-1 + 2)/((-1)/(-4)). Suppose w*k = 148 + p. Is k a composite number?
False
Suppose -c + 2*c + 739 = a, 3693 = 5*a - 4*c. Is a a prime number?
False
Suppose 2*i - 3*c = 1091, -3*i - 4*c + 1611 = -0*i. Is i a prime number?
True
Suppose -4*m + 2818 + 154 = 0. Is m a composite number?
False
Suppose 0 = -b + 3. Suppose -3*j = b*f - j - 166, -2*j = -3*f + 182. Is f a prime number?
False
Suppose -2*f + 19 = 5*d, -d + 0*f + 1 = -f. Suppose 4*c - 12 = 0, -4*k + 187 = -2*c + d*c. Is k a prime number?
False
Let r(g) = -g**2 - 5*g. Let d be r(-4). Let b be (d/(-10))/(3/(-15)). Let w = b - -7. Is w prime?
False
Suppose 0 = -3*v - v + 40. Let c = v - -27. Is c a prime number?
True
Let h(w) = -w**2 + 4*w + 4. Let r be h(4). Suppose 0*x + 5*x = 2*a - 88, -4*a - r*x = -120. Is a a composite number?
True
Suppose 3*a = 4*l - 10316, -3*l + 3*a = 1045 - 8782. Is l composite?
False
Let h(a) = 9*a**2 + 5*a + 6. Let i be h(6). Suppose 0 = 4*q - 0*q - i. Suppose -q = -2*r + 16. Is r a composite number?
False
Suppose -n - z = 234, -n = 2*z + 73 + 166. Let g = n + 323. Is g composite?
True
Suppose 0 = -3*l + 2*m + 8, -2*l - 15 = 3*m - 3. Is 12 + (l - -3)*1 composite?
True
Is 4 - (-2 - (-213)/(-3)) a prime number?
False
Suppose 13 = -3*x + 2*w - 16, -4*x = -5*w + 34. Let u = -20 + 78. Let g = u + x. Is g prime?
True
Let v = 3030 + -1393. Is v a composite number?
False
Suppose -3*w = 3*y - 2190, w + 3*y + 106 = 830. Is w composite?
False
Suppose -j + 222 = j. Suppose -5*z + 2*z = -j. Is z a prime number?
True
Let s(h) = -h**3 - 5*h**2 - 5*h. Let d be s(-4). Let f(t) = 9*t + 2. Let j be f(d). Suppose 0*x + 2*x - j = 0. Is x a prime number?
True
Suppose -j + 3*d = 88, 0*d - 2*d + 84 = -j. Let u = -41 - j. Is u prime?
False
Let g(b) = 155*b**2 + 12*b + 2. Is g(-3) a prime number?
True
Suppose 2*d = 3*s + 11 - 258, d = -5*s + 429. Is s composite?
True
Suppose -3*a + o + 0*o + 766 = 0, -2*a + 524 = 2*o. Is a composite?
False
Let f(s) = -30*s - 5. Let z be 0 + (-1 - -1) + -5. Is f(z) prime?
False
Suppose -4*t + 913 + 883 = 0. Is t a prime number?
True
Suppose 3*s = 4*p + p - 6712, 2*p - s = 2685. Is p a prime number?
False
Is (110/33)/(4/642) a prime number?
False
Is ((-3)/(-9))/(3/4923) composite?
False
Let j = 6 - 4. Let k(s) = 2*s**2 + s + 1. Is k(j) prime?
True
Let a(m) = 29*m**3 - 7*m**2 - m + 5. Is a(4) a prime number?
False
Suppose -g - 17853 = -4*g. Is g a composite number?
True
Suppose -205 = -0*p - 5*p. Let m = p - 57. Is 16/(-6)*36/m a composite number?
True
Let w(j) = 36*j**2 + 1. Is w(1) prime?
True
Let b(p) = 6*p - 3. Let i be b(3). Is ((-444)/18)/((-2)/i) prime?
False
Let z(k) = 96*k**2 + k + 2. Let r = -14 - -13. Is z(r) composite?
False
Suppose 0 = -2*t + 2*d + 64, t + 2*d = -2*d + 47. Is t composite?
True
Is (366/(-5))/(2/(-5)) a composite number?
True
Suppose 5*a = 3756 + 12239. Is a prime?
False
Let 